
21
Let l(f) = f**3 - 7*f**2 - f + 11. Suppose 6*i - 26 - 16 = 0. Let k be l(i). What is the greatest common divisor of k and 100?
4
Let b = -3493 - -3529. Calculate the highest common factor of 981 and b.
9
Suppose -87 = 4*v + 1. Let d = v - -55. Let j(x) = -19*x**2 - 115*x - 3. Let u be j(-6). What is the greatest common factor of d and u?
3
Let t(k) be the second derivative of 8*k**4/3 - 2*k**3/3 - 2*k**2 + 104*k. Let f be t(-1). Calculate the greatest common divisor of 32 and f.
32
Suppose -4*w + 394 = -2*n, -19*w + 2*n + 494 = -14*w. What is the highest common divisor of 170 and w?
10
Suppose -14*x - 284 + 1307 + 279 = 0. What is the greatest common divisor of x and 5611?
31
Let w(a) = a**2 + 10*a - 17. Let o be w(-11). Let x be ((2/o - 0) + 21)*3. Let i = -56 + x. What is the greatest common factor of 3 and i?
3
Let z(p) = -89*p - 25. Let u be z(-6). Let w = u - 340. What is the greatest common divisor of 13 and w?
13
Let d(k) = k + 12. Let a be d(16). Let h(r) = r**2 + 8*r + 7. Let x be h(-8). What is the greatest common factor of x and a?
7
Let c be -464*(10/3 - (-2806)/(-732)). What is the greatest common divisor of c and 290?
58
Let u(j) = -j**3 - 5*j**2 - 5*j + 4. Let m be u(-4). Let y(p) = -21*p - 536. Let b be y(-48). Calculate the greatest common factor of b and m.
8
Let z = -1143 + 1146. Calculate the highest common divisor of z and 1857.
3
Let h = -102 - -105. Suppose -f + h*q = f - 119, -4*f + 230 = 2*q. Suppose 12*b - f = 14. Calculate the greatest common divisor of 8 and b.
2
Suppose 15*c = 3186 - 5191 + 39790. Calculate the highest common factor of 11 and c.
11
Let u(c) = 179*c + 1886. Let s be u(-10). What is the greatest common factor of s and 1728?
96
Suppose 71*m + 19 = 20*m + 70. Calculate the greatest common divisor of m and 11.
1
Suppose -11780 = 10*y + 36*y - 52996. Calculate the highest common factor of y and 308.
28
Let y be ((-144)/(-27))/((-4)/(-36)). What is the highest common divisor of y and 1524?
12
Suppose 106*f = 103*f + 2*y + 116, -2*f - 4*y = -56. What is the greatest common divisor of 558 and f?
18
Let s = 35 + 13. Suppose 3*j - 27 = -4*i, -i + 473 = -4*j + 490. Calculate the greatest common factor of s and i.
3
Let v(f) = 3*f**2 - 157*f - 2378. Let x be v(-16). Let i(o) = -o**3 - 10*o**2 - 7*o + 12. Let g be i(-10). Calculate the highest common divisor of x and g.
82
Let t be (-27)/(-3)*(1 - -9). Let c = 12 + 3. Suppose -5*q - c = -j, 3*j - q - 23 = 8. Calculate the greatest common divisor of t and j.
10
Let s = 359 - 150. Let k = s - 85. Suppose 0 = -5*p - i + k, 3*p = 2*p - 5*i + 20. What is the highest common divisor of 225 and p?
25
Let d = 8 - -472. Calculate the highest common divisor of d and 24.
24
Let z(d) = d**2 - 113*d - 1571. Let q be z(-17). Calculate the greatest common factor of 1207 and q.
71
Let v = 4001 - 1835. Calculate the greatest common divisor of v and 3.
3
Suppose -523*d = -1280 - 794 - 18. Suppose 0*u = -2*u + 200. Calculate the greatest common divisor of d and u.
4
Suppose 26*z = 10*z. Let t(m) = -13*m + 55. Let l be t(z). Suppose p = 32 + 1. What is the greatest common divisor of p and l?
11
Suppose 3312*t + 36966 = 3413*t. Calculate the greatest common factor of t and 20.
2
Let h(c) = 38 - 67*c + 52*c + 5 + 109. Let u be h(8). What is the greatest common divisor of u and 4?
4
Let m(b) = 16*b + 18 - 19*b + 29 + 86. Let w be m(-29). Suppose j + 88 = 2*j. Calculate the greatest common factor of j and w.
44
Let r = -92 - -138. Let l = r - 43. Suppose l*u + 2*u = 45. What is the greatest common divisor of u and 99?
9
Let y = 6746 + -813. Calculate the highest common factor of 34 and y.
17
Let s be (-6)/((19 + -20)*(-2)/197). Let i = -521 - s. What is the highest common divisor of 35 and i?
35
Let u = -73 + 32. Let x = 15 - u. Let t = 67 - x. Calculate the greatest common divisor of t and 33.
11
Suppose 2*s = -c + 15, 3*s = -5*c + 3*c + 25. Suppose -s*p + 144 = -0*p - 2*t, 3*t = 3*p - 81. What is the highest common factor of 165 and p?
15
Let d = 154 - 139. Suppose 990 = d*f - 5*f. What is the greatest common divisor of 27 and f?
9
Let u = -422 - -424. Let r be 47*u - 20/((-4)/1). Calculate the greatest common factor of 18 and r.
9
Suppose q - 8 = -n, 0 = 4*q + 7*n - 10*n - 18. Suppose 250 + q = 2*t. What is the highest common divisor of t and 8?
8
Let g(d) = 2*d**2 - 2*d - 28. Let n be g(-4). Suppose 0 = -n*m - 23*m + 350. What is the highest common divisor of 5 and m?
5
Let x be (-15)/75 - 1869/5. Let j = x + 402. Let p(z) = 15*z**2 + 2*z + 1. Let u be p(-1). Calculate the highest common factor of u and j.
14
Suppose 534 + 330 = 3*i. Let w be ((-160)/2)/(32/2176*-85). What is the greatest common factor of w and i?
32
Suppose 0 = 14*y + y - 75. Suppose -4*f = -2*v + 36, 2*f - 46 = -y*v + f. What is the greatest common divisor of 15 and v?
5
Suppose 0*i - 3*i + 2 = 2*p, -2*i = 2*p. Suppose -17 + 67 = i*w. Let h = -47186 + 47211. Calculate the highest common factor of h and w.
25
Suppose 0 = -v + 5*v + q - 134, 5*q = 30. What is the greatest common divisor of 360 and v?
8
Suppose 4*z - 6*k + 4*k - 492 = 0, 3*z = -4*k + 336. What is the greatest common divisor of z and 1024?
8
Suppose z = 26 + 157. Let s = 231 - z. What is the highest common divisor of 36 and s?
12
Suppose 0 = -16*n + 5*n + 253. Suppose 0 = 6*k - 61 - n. Let j be 1 + -1 + k + 4. Calculate the highest common divisor of j and 2.
2
Suppose 5*k = u + 606 + 11777, 0 = 2*k + 3*u - 4960. Suppose k = 10*m - 483. Let r = m + -176. Calculate the highest common factor of r and 24.
24
Let m = -201 - -225. Let h(p) = p**2 + 5*p + 7. Let v be h(-2). Suppose v = z - 59. Calculate the highest common factor of z and m.
12
Suppose -2*x + 2802 + 9397 = -3*y, 4*y - 28 = 0. Calculate the highest common factor of 47 and x.
47
Let m be (-170)/17*3/(15/(-35)). Calculate the greatest common divisor of 16 and m.
2
Suppose 45*a - 3508 = -1933. What is the highest common factor of a and 1722?
7
Let u(s) = 1525*s + 3934. Let y be u(18). Calculate the highest common factor of y and 8.
8
Suppose -148 = -3*j - 4*p, -3*j - 35*p + 37*p + 142 = 0. Calculate the greatest common divisor of j and 3132.
12
Suppose 11*i = 18*i - 35. Suppose -q = 5*o - 4*q - 1057, 0 = i*o - 4*q - 1061. Let n be (-2 - (-2 - -1))*-19. What is the highest common divisor of n and o?
19
Let b = 1541 + -1483. Suppose 4 = -4*m + 5*m. Suppose 55 = m*j - 61. Calculate the highest common divisor of j and b.
29
Let w(u) = 2*u**2 - 10*u + 15. Let j be w(5). Let y be (-2)/((5/j)/(50/(-6))). Let l be (y - 18)/(1/(1 - 0)). Calculate the highest common divisor of l and 80.
16
Let s = 9 + -6. Let z be s/(-2)*(-32)/12. Suppose -5*r - 441 = -z*q, -2*r = 4*q - 0*r - 406. What is the greatest common divisor of 26 and q?
26
Suppose -l + 0*b - 121 = 3*b, 5*l - 2*b + 690 = 0. Let i = l - -191. Calculate the highest common factor of i and 77.
11
Let n(g) = 4*g**3 - 14*g**2 + 7*g + 10. Let r be n(4). Suppose b - 158 = -r. What is the greatest common factor of b and 24?
8
Suppose -9*q + 5*q - 272 = 0. Let b = q + 73. Let o be (-4)/5 - (-904)/b. Calculate the highest common divisor of 72 and o.
36
Suppose -2*u = 5*k - 27353, 5*u = -3*k + 3003 + 13443. Calculate the highest common factor of 539 and k.
77
Let f(h) = 9*h**2 + 349*h + 107. Let j be f(-39). What is the highest common divisor of 155 and j?
5
Let u = -41 + 43. Suppose u*n - 180 = 140. Calculate the highest common factor of n and 10.
10
Let p(n) = n**2 + 10*n + 2. Let g be p(-10). Let u = -198 + 214. Let i be -5 + (-220)/u*-4. Calculate the greatest common factor of i and g.
2
Suppose 0 = -24*u - 26*u + 98*u - 1440. Let r(d) = -d**3 + 4*d**2 - 3*d + 1. Let g be r(3). Let j = 14 + g. Calculate the highest common factor of j and u.
15
Suppose -13 = 2*f - 7. Let v be (-6)/(-12)*(f - -2 - -1). Suppose v = p - 3*p + 36. What is the greatest common factor of 198 and p?
18
Let o be (252/70)/((-4)/160*-6). What is the greatest common divisor of 2400 and o?
24
Suppose 4*z + 536 = -4*j, 216 - 82 = -z - 4*j. Let y = z - -389. Calculate the greatest common factor of y and 15.
15
Let a be ((-55)/22)/(10/(-8)). Suppose 3*b + 2*b = -4*n + 16, n = -a*b + 4. Suppose -n*q = -85 - 19. What is the greatest common factor of q and 78?
26
Let g be (5/(-2) - 0